9*r - 334. Calculate h(-12).
14
Let r(s) = s**3 - 57*s**2 + 8*s - 438. Calculate r(57).
18
Let r(b) = 4*b**2 + 393*b - 2504. Determine r(6).
-2
Let l(d) = -3073*d + 9188. Calculate l(3).
-31
Let z(n) = -3*n**2 + 92*n - 14. Determine z(28).
210
Let l(n) = n**3 - 14*n**2 + 2*n - 26. Give l(14).
2
Let p(y) = -y**3 - 63*y**2 - 60*y + 88. What is p(-62)?
-36
Let g(y) = 56*y**3 + 3*y**2 + 4*y - 1. Determine g(-1).
-58
Let o(l) = -70*l - 387. Determine o(-5).
-37
Let d(c) = 188*c + 12498. What is d(-66)?
90
Let a(z) = -179*z - 1288. Give a(-6).
-214
Let w(i) = -35*i**2 + 26*i + 1. Give w(1).
-8
Let l(p) = -114*p + 31572. Determine l(277).
-6
Let g(z) = -48*z - 324. Calculate g(-7).
12
Let b(z) = 95*z + 103. Calculate b(3).
388
Let p(x) = 19*x - 79. Calculate p(8).
73
Let f(g) = -27*g**2 + 1345*g + 251. Give f(50).
1
Let d(u) = -16*u**2 + 4*u - 4. What is d(2)?
-60
Let a(l) = l**2 - 22*l - 849. Give a(42).
-9
Let w(m) = m**2 + 67*m + 1157. Determine w(-30).
47
Let d(f) = f**3 + 6*f**2 - 155*f - 352. Give d(11).
0
Let g(h) = h**3 + h**2 + 71*h - 143. What is g(2)?
11
Let r(l) = 3243*l + 42175. What is r(-13)?
16
Let l(m) = -693*m**2 + 6236*m + 12. Give l(9).
3
Let d(w) = -5*w**3 - 27*w**2 + w + 15. What is d(-5)?
-40
Let g(l) = -2150*l + 6417. Determine g(3).
-33
Let h(r) = 2*r**3 - 15*r**2 - 97*r + 611. Give h(9).
-19
Let j(m) = -2*m**2 + 15*m - 64. What is j(6)?
-46
Let x(v) = -30*v - 111. Determine x(-3).
-21
Let r(k) = -587*k - 449. Determine r(-1).
138
Let n(g) = 3058*g - 9145. What is n(3)?
29
Let u(z) = 208*z + 2189. Calculate u(-10).
109
Let r(b) = -b**3 - 44*b**2 - 291*b - 34. Calculate r(-8).
-10
Let t(q) = 30*q - 299. What is t(8)?
-59
Let n(c) = -c**3 - 10*c**2 + c + 14. Calculate n(-10).
4
Let u(h) = 70*h - 9292. Calculate u(135).
158
Let f(d) = -3*d**3 + 28*d**2 + 3*d + 177. Give f(10).
7
Let x(u) = -u**3 + 16*u**2 - 9*u + 30. Calculate x(16).
-114
Let v(n) = -8*n**3 - n**2 + 53*n + 53. Calculate v(-1).
7
Let y(k) = -32*k + 2657. Calculate y(83).
1
Let i(k) = k**3 + 30*k**2 + 18*k - 348. What is i(-29)?
-29
Let a(h) = -48*h + 180. Determine a(11).
-348
Let p(s) = s**3 + 14*s**2 - 5578*s + 139. What is p(68)?
3
Let z(j) = -j**3 - 5*j**2 - 7*j - 132. Calculate z(-6).
-54
Let x(l) = 33*l**2 - 6*l + 4. Determine x(1).
31
Let n(z) = z**3 - 49*z + 10. Determine n(-7).
10
Let c(k) = 24*k**2 + 57*k - 77. Calculate c(1).
4
Let g(r) = -9*r + 1194. Give g(133).
-3
Let l(c) = -c**2 + 31*c + 1410. Give l(-25).
10
Let f(k) = -k**2 + 5*k + 8. What is f(5)?
8
Let y(d) = d**2 + 231*d - 7534. Determine y(29).
6
Let g(z) = -44*z + 248. Give g(7).
-60
Let g(w) = 3*w - 12. Calculate g(3).
-3
Let t(f) = 275*f + 1094. What is t(-4)?
-6
Let x(b) = b**3 - 100*b**2 + 682*b - 2874. Calculate x(93).
9
Let w(b) = b**3 + 90*b**2 + 3*b + 49. Determine w(-90).
-221
Let m(k) = -14*k**2 - 1708*k + 2. Calculate m(-122).
2
Let d(w) = w**3 - 105*w**2 - 335*w + 1186. Calculate d(108).
-2
Let l(q) = -q**2 + 130*q + 1424. Calculate l(-10).
24
Let r(d) = -d. Give r(-4).
4
Let h(i) = 18*i**2 - 7*i + 7. Calculate h(1).
18
Let o(r) = 421*r**2 - 1258*r - 4. What is o(3)?
11
Let h(o) = -o**3 - 15*o**2 - 20*o + 4. Calculate h(-14).
88
Let c(i) = -396*i + 9517. What is c(24)?
13
Let d(f) = -f**3 - 32*f**2 - 37*f - 64. Give d(-31).
122
Let p(c) = -c**3 - 14*c**2 + 76*c + 28. Give p(4).
44
Let f(y) = 6*y**2 + 19*y - 20. Give f(1).
5
Let s(c) = c**2 - 38*c + 240. Calculate s(36).
168
Let l(i) = 51*i - 5297. What is l(104)?
7
Let h(q) = 11*q - 790. What is h(19)?
-581
Let u(x) = x**2 - x - 129. Calculate u(-12).
27
Let n(i) = 2*i**3 - 11*i**2 + 78*i - 499. Give n(6).
5
Let l(q) = 57*q**2 - 13*q + 9. Calculate l(0).
9
Let a(u) = -2*u**3 + 234*u**2 - 908*u + 446. Give a(113).
-6
Let r(u) = -13*u - 768. Calculate r(-59).
-1
Let v(f) = -25*f + 1262. Calculate v(50).
12
Let k(g) = 323*g**2 + 7750*g - 44. Give k(-24).
4
Let i(p) = -p**2 + 6*p - 15. Calculate i(6).
-15
Let q(z) = -z**3 + 16*z**2 - 27*z - 38. Calculate q(14).
-24
Let o(y) = -2*y**3 + 74*y**2 - 3*y + 114. Give o(37).
3
Let s(q) = 3*q**2 + 1647*q - 15018. Calculate s(9).
48
Let r(g) = 3443*g - 41322. What is r(12)?
-6
Let c(j) = 428*j - 928. What is c(2)?
-72
Let i(f) = 4105*f - 57454. Calculate i(14).
16
Let a(r) = r**2 + 34*r - 113. Give a(3).
-2
Let t(p) = -11*p**2 - 15*p - 27. What is t(-2)?
-41
Let j(z) = -z**2 + 29*z + 63. Calculate j(32).
-33
Let y(c) = 20*c**3 + 1023*c**2 + 159*c + 337. What is y(-51)?
31
Let i(s) = -s**3 - 43*s**2 - 75*s - 1375. What is i(-42)?
11
Let a(i) = 7*i**2 - 62*i + 221. Calculate a(9).
230
Let c(r) = -2*r**2 + 19*r - 64. Give c(9).
-55
Let r(y) = -67*y - 1225. Determine r(-18).
-19
Let v(y) = -275*y - 35754. What is v(-130)?
-4
Let s(c) = 77*c - 910. Calculate s(12).
14
Let p(s) = 95*s - 408. Determine p(4).
-28
Let l(s) = s**2 + 24*s - 382. What is l(-35)?
3
Let u(z) = -z**3 + 15*z**2 + 44*z + 27. Determine u(-1).
-1
Let c(i) = -i**3 - 43*i**2 + 83*i - 217. What is c(-45)?
98
Let i(w) = 17*w - 236. What is i(22)?
138
Let d(u) = 3335*u + 13355. Determine d(-4).
15
Let o(v) = v**3 - 6*v**2 + 31*v - 172. What is o(6)?
14
Let v(p) = -583*p + 8097. Give v(14).
-65
Let b(c) = c**3 - 55*c**2 + 449*c - 2. Calculate b(10).
-12
Let d(z) = -z**2 - 6*z + 262. Determine d(-20).
-18
Let l(o) = -26*o**3 - o**2 + 3*o + 1. Determine l(-1).
23
Let l(x) = x**2 + 17*x - 57. Give l(3).
3
Let n(z) = -z**2 + 7*z + 170. Calculate n(0).
170
Let t(p) = -13*p - 84. What is t(7)?
-175
Let m(j) = 6*j**2 + 12*j - 34. Determine m(-8).
254
Let u(x) = x**2 + 11*x - 13944. What is u(-124)?
68
Let s(g) = 80*g**2 - 168*g - 1. Calculate s(2).
-17
Let b(o) = -12*o**2 - 133*o + 416. Calculate b(3).
-91
Let n(w) = -w**3 - 54*w**2 - 402*w + 148. Determine n(-45).
13
Let q(c) = 11204*c + 56024. Calculate q(-5).
4
Let o(b) = 34*b - 2453. Give o(71).
-39
Let v(u) = 28*u**2 + 10*u + 102. Calculate v(-5).
752
Let g(z) = -431*z + 3891. Determine g(9).
12
Let u(g) = 3*g**3 - 73*g**2 - 34*g - 401. Determine u(25).
-1
Let f(h) = -h**3 + 20*h**2 + 52*h - 164. Calculate f(22).
12
Let x(l) = 3219*l + 25752. Give x(-8).
0
Let s(u) = -u**2 - 102*u - 1598. Determine s(-82).
42
Let s(i) = -2*i**2 - 82*i + 137. Determine s(-26).
917
Let v(a) = -a**3 + 56*a**2 - a + 91. Calculate v(56).
35
Let a(y) = 8*y + 562. What is a(-70)?
2
Let r(x) = -x**2 - 329*x + 2350. Calculate r(7).
-2
Let a(c) = 2*c**3 - 8*c**2 + 3*c - 20. Give a(5).
45
Let u(p) = p**3 + 23*p**2 + 134*p + 73. Give u(-9).
1
Let w(f) = 630*f + 40323. What is w(-64)?
3
Let n(z) = 106*z + 3060. What is n(-29)?
-14
Let s(p) = -105*p - 49. Calculate s(-1).
56
Let t(q) = 720*q + 39590. What is t(-55)?
-10
Let r(t) = 589*t - 2218. Calculate r(4).
138
Let l(z) = z**3 + 33*z**2 - 71*z - 40. Determine l(-35).
-5
Let q(c) = 103*c - 719. Determine q(6).
-101
Let s(u) = -u**3 + 13*u + 18. What is s(4)?
6
Let j(a) = -a**2 + 7*a + 201. Give j(15).
81
Let u(v) = -v**3 + 35*v**2 - 66*v + 1070. What is u(34)?
-18
Let b(o) = 357*o + 37. Calculate b(-1).
-320
Let d(a) = a**3 - 16*a**2 + 40*a - 5. Calculate d(13).
8
Let f(k) = 2*k**3 + 41*k**2 + 2*k - 11. Give f(-20).
349
Let d(s) = -416*s - 6247. Determine d(-15).
-7
Let l(x) = -x**3 - 52*x**2 + 49*x - 128. Determine l(-53).
84
Let f(k) = -k**3 - 66*k**2 + 288*k - 32. Give f(4).
0
Let k(u) = -34*u - 413. Determine k(-15).
97
Let s(u) = -7*u**2 + 135*u - 251. What is s(17)?
21
Let p(g) = g**3 - 26*g**2 + 7*g - 1717. Calculate p(28).
47
Let k(n) = n**3 + 107*n**2 + 85*n - 2221. Calculate k(-106).
5
Let u(t) = -3*t + 54. Give u(10).
24
Let v(h) = h**2 - 129*h + 2800. Determine v(97).
-304
Let l(p) = 76*p - 8602. Determine l(112).
-90
Let t(q) = -117*q**3 + 15*q**2 + 16*q + 2. Give t(-1).
118
Let x(h) = -h**3 + 31*h**2 + 72*h - 169. Give x(33).
29
Let a(g) = -3*g - 71. Determine a(-22).
-5
Let d(r) = -2*r**3 + 93*r**2 + 123*r - 3575. What is d(47)?
-3
Let q(v) = -709*v - 6430. Calculate q(-9).
-49
Let x(w) = -42*w + 8994. Determine x(214).
6
Let p(i) = i**2 - 52*i + 156. What is p(49)?
9
Let n(z) = 518*z - 1931. Calculate n(4).
141
Let t(h) = -55*h**2 + 44*h + 107. Calculate t(-4).
-949
Let n(i) = -35*i**3 - 206*i - 207. What is n(-1)?
34
Let d(t) = -4*t + 27. Determine d(21).
-57
Let o(r) = -3*r**3 - 39*r**2 - 26*r + 128. Calculate o(-12).
8
Let j(b) = -b**3 - 1